{"id":17698,"date":"2016-02-23T00:00:00","date_gmt":"2016-02-22T22:00:00","guid":{"rendered":"http:\/\/voima.fi\/hairikot\/etusivu\/"},"modified":"2016-02-23T00:00:00","modified_gmt":"2016-02-22T22:00:00","slug":"etusivu","status":"publish","type":"page","link":"https:\/\/voima.fi\/hairikot\/etusivu\/","title":{"rendered":"Etusivu"},"content":{"rendered":"<div class=\"lowres-featured-image\"><img decoding=\"async\" width=\"1260\" height=\"382\" src=\"https:\/\/voima.fi\/hairikot\/wp-content\/uploads\/sites\/9\/2016\/02\/Carousel-Banner_1.jpg\" class=\"attachment-full size-full wp-post-image\" alt=\"\" srcset=\"https:\/\/voima.fi\/hairikot\/wp-content\/uploads\/sites\/9\/2016\/02\/Carousel-Banner_1.jpg 1260w, https:\/\/voima.fi\/hairikot\/wp-content\/uploads\/sites\/9\/2016\/02\/Carousel-Banner_1-600x182.jpg 600w, https:\/\/voima.fi\/hairikot\/wp-content\/uploads\/sites\/9\/2016\/02\/Carousel-Banner_1-1024x310.jpg 1024w, https:\/\/voima.fi\/hairikot\/wp-content\/uploads\/sites\/9\/2016\/02\/Carousel-Banner_1-768x233.jpg 768w, https:\/\/voima.fi\/hairikot\/wp-content\/uploads\/sites\/9\/2016\/02\/Carousel-Banner_1-320x97.jpg 320w, https:\/\/voima.fi\/hairikot\/wp-content\/uploads\/sites\/9\/2016\/02\/Carousel-Banner_1-200x61.jpg 200w, https:\/\/voima.fi\/hairikot\/wp-content\/uploads\/sites\/9\/2016\/02\/Carousel-Banner_1-560x170.jpg 560w, https:\/\/voima.fi\/hairikot\/wp-content\/uploads\/sites\/9\/2016\/02\/Carousel-Banner_1-980x297.jpg 980w, https:\/\/voima.fi\/hairikot\/wp-content\/uploads\/sites\/9\/2016\/02\/Carousel-Banner_1-300x91.jpg 300w\" sizes=\"(max-width: 1260px) 100vw, 1260px\" \/><p class=\"ylakuvateksti\"><\/p><\/div><p><!--<img decoding=\"async\" src=\"https:\/\/voima.fi\/hairikot\/wp-content\/uploads\/sites\/9\/2020\/04\/unspecified.jpeg\" alt=\"Carousel-Banner-1_Launch-Is-Go\" width=\"1500\" height=\"555\" class=\"alignnone size-full wp-image-8602\" \/>--><\/p>\n<style>\n.intense.container {\ntop: -20px;\nposition:relative;\n}\n.paraca {\nbackground-attachment: initial !important;\nheight: 360px;\n}\n.pt-cv-view .pt-cv-title {\nfont-size: 26px;\n}\nh2.widgettitle {\ntext-align:center;\nfont-size:24px;\nborder-bottom: 2px solid black;\n}\n.srr-title {\nbackground: white !important;\npadding-left:10px;\ntext-decoration: none !important;\nfont-size: 18px;\n}\n.srr-title a {\ntext-decoration: none !important;\n}\n.pt-cv-content:not(.pt-cv-nfs), .pt-cv-content:not(.pt-cv-nfs) * {\nfont-size:16px;\n}\n.pt-cv-wrapper .col-md-12 {\nmax-width:672px;\n}\n<\/style>\n<style> \n.parallax-scene-839494571 {\ntop: -30px !important;\n}\n.pt-cv-content {\t \t \n max-height: 0;\t \t \nopacity:0;\t \t \n overflow: hidden;\t \t \n -webkit-transition: max-height 0.8s;\t \t \n -moz-transition: max-height 0.8s;\t \t \n transition: max-height 0.8s;\t \t \n display:block; \t \t \n}\t \t \n.pt-cv-content-item .pt-cv-content {\t \t \n display:block;\t \t \nopacity:1;\t \t \n max-height: 500px !important; \t \t \n}\np {\nmargin-bottom: 0;\n}\nspan.kautta {\nfont-size:20px;\nfont-weight:500;\ncolor:white;\npadding-left:5px;\npadding-right:5px;\n}\t \n.pt-cv-wrapper .row {\nmargin-left:0;\nmargin-right:0;\n}\t \n.pt-cv-readmore {\ndisplay:block !important;\n}\n<\/style>\n<div class=\"su-spacer\" style=\"height:10px\"><\/div>\n<div class=\"su-row\">\n<div class=\"su-column su-column-size-1-2\"><div class=\"su-column-inner su-u-clearfix su-u-trim\"><!-- \n\n<div class=\"bansku\">&#091;wpws url=\"http:\/\/voima.fi\/\" query=\"#38482\" &#093;<\/div>\n\n&#091;\/su_column&#093;&#091;su_column&#093;\n\n<div class=\"bansku\">&#091;wpws url=\"http:\/\/voima.fi\/\" query=\"#38468\" &#093;<\/div>\n\n--><br \/>\n<script async src=\"https:\/\/pagead2.googlesyndication.com\/pagead\/js\/adsbygoogle.js\"><\/script><br \/>\n<!-- Etusivulle --><br \/>\n<ins class=\"adsbygoogle\"\n     style=\"display:block\"\n     data-ad-client=\"ca-pub-8024046206276600\"\n     data-ad-slot=\"3462254559\"\n     data-ad-format=\"auto\"\n     data-full-width-responsive=\"true\"><\/ins><br \/>\n<script>\n     (adsbygoogle = window.adsbygoogle || []).push({});\n<\/script><br \/>\n<\/div><\/div><\/div>\n<div class=\"su-spacer\" style=\"height:10px\"><\/div>\n<div class=\"su-divider su-divider-style-dashed erottaja\" style=\"margin:15px 0;border-width:7px;border-color:#999999\"><\/div>\n<div class=\"su-row\">\n<div class=\"su-column su-column-size-2-3\"><div class=\"su-column-inner su-u-clearfix su-u-trim\"><a class=\"fifilinkki\" href=\"..\/blogikirjoitukset\/\"><br \/>\n<div class=\"pt-cv-wrapper\">Error: View <strong>f2af59ce4f<\/strong> may not exist<\/div>\n<\/div><\/div>\n<div class=\"su-column su-column-size-1-3 oikein\"><div class=\"su-column-inner su-u-clearfix su-u-trim\"><div class=\"su-spacer\" style=\"height:20px\"><\/div>\n<a class=\"fifilinkki\"><\/p>\n[cwa id=&#8217;widgettialue&#8217;]\n<\/div><\/div>\n<\/div>\n<div class=\"su-spacer\" style=\"height:40px\"><\/div>\n<style> .entry-title {display:none;} <\/style>\n","protected":false},"excerpt":{"rendered":"","protected":false},"author":1,"featured_media":19,"parent":0,"menu_order":0,"comment_status":"open","ping_status":"open","template":"","meta":{"footnotes":""},"categories":[],"tags":[],"yoast_head":"<!-- This site is optimized with the Yoast SEO plugin v22.7 - https:\/\/yoast.com\/wordpress\/plugins\/seo\/ -->\n<title>Etusivu - H\u00e4irik\u00f6t-p\u00e4\u00e4maja<\/title>\n<meta name=\"robots\" content=\"index, follow, max-snippet:-1, max-image-preview:large, max-video-preview:-1\" \/>\n<link rel=\"canonical\" href=\"https:\/\/voima.fi\/hairikot\/etusivu\/\" \/>\n<meta property=\"og:locale\" content=\"fi_FI\" \/>\n<meta property=\"og:type\" content=\"article\" \/>\n<meta property=\"og:title\" content=\"Etusivu - H\u00e4irik\u00f6t-p\u00e4\u00e4maja\" \/>\n<meta property=\"og:url\" content=\"https:\/\/voima.fi\/hairikot\/etusivu\/\" \/>\n<meta property=\"og:site_name\" content=\"H\u00e4irik\u00f6t-p\u00e4\u00e4maja\" \/>\n<meta property=\"og:image\" content=\"https:\/\/voima.fi\/hairikot\/wp-content\/uploads\/sites\/9\/2016\/02\/Carousel-Banner_1.jpg\" \/>\n\t<meta property=\"og:image:width\" content=\"1260\" \/>\n\t<meta property=\"og:image:height\" content=\"382\" \/>\n\t<meta property=\"og:image:type\" content=\"image\/jpeg\" \/>\n<meta name=\"twitter:card\" content=\"summary_large_image\" \/>\n<script type=\"application\/ld+json\" class=\"yoast-schema-graph\">{\"@context\":\"https:\/\/schema.org\",\"@graph\":[{\"@type\":\"WebPage\",\"@id\":\"https:\/\/voima.fi\/hairikot\/etusivu\/\",\"url\":\"https:\/\/voima.fi\/hairikot\/etusivu\/\",\"name\":\"Etusivu - H\u00e4irik\u00f6t-p\u00e4\u00e4maja\",\"isPartOf\":{\"@id\":\"https:\/\/voima.fi\/hairikot\/#website\"},\"primaryImageOfPage\":{\"@id\":\"https:\/\/voima.fi\/hairikot\/etusivu\/#primaryimage\"},\"image\":{\"@id\":\"https:\/\/voima.fi\/hairikot\/etusivu\/#primaryimage\"},\"thumbnailUrl\":\"https:\/\/voima.fi\/hairikot\/wp-content\/uploads\/sites\/9\/2016\/02\/Carousel-Banner_1.jpg\",\"datePublished\":\"2016-02-22T22:00:00+00:00\",\"dateModified\":\"2016-02-22T22:00:00+00:00\",\"breadcrumb\":{\"@id\":\"https:\/\/voima.fi\/hairikot\/etusivu\/#breadcrumb\"},\"inLanguage\":\"fi\",\"potentialAction\":[{\"@type\":\"ReadAction\",\"target\":[\"https:\/\/voima.fi\/hairikot\/etusivu\/\"]}]},{\"@type\":\"ImageObject\",\"inLanguage\":\"fi\",\"@id\":\"https:\/\/voima.fi\/hairikot\/etusivu\/#primaryimage\",\"url\":\"https:\/\/voima.fi\/hairikot\/wp-content\/uploads\/sites\/9\/2016\/02\/Carousel-Banner_1.jpg\",\"contentUrl\":\"https:\/\/voima.fi\/hairikot\/wp-content\/uploads\/sites\/9\/2016\/02\/Carousel-Banner_1.jpg\",\"width\":1260,\"height\":382},{\"@type\":\"BreadcrumbList\",\"@id\":\"https:\/\/voima.fi\/hairikot\/etusivu\/#breadcrumb\",\"itemListElement\":[{\"@type\":\"ListItem\",\"position\":1,\"name\":\"Home\",\"item\":\"https:\/\/voima.fi\/hairikot\/\"},{\"@type\":\"ListItem\",\"position\":2,\"name\":\"Etusivu\"}]},{\"@type\":\"WebSite\",\"@id\":\"https:\/\/voima.fi\/hairikot\/#website\",\"url\":\"https:\/\/voima.fi\/hairikot\/\",\"name\":\"H\u00e4irik\u00f6t-p\u00e4\u00e4maja\",\"description\":\"\",\"potentialAction\":[{\"@type\":\"SearchAction\",\"target\":{\"@type\":\"EntryPoint\",\"urlTemplate\":\"https:\/\/voima.fi\/hairikot\/?s={search_term_string}\"},\"query-input\":\"required name=search_term_string\"}],\"inLanguage\":\"fi\"}]}<\/script>\n<!-- \/ Yoast SEO plugin. -->","yoast_head_json":{"title":"Etusivu - H\u00e4irik\u00f6t-p\u00e4\u00e4maja","robots":{"index":"index","follow":"follow","max-snippet":"max-snippet:-1","max-image-preview":"max-image-preview:large","max-video-preview":"max-video-preview:-1"},"canonical":"https:\/\/voima.fi\/hairikot\/etusivu\/","og_locale":"fi_FI","og_type":"article","og_title":"Etusivu - H\u00e4irik\u00f6t-p\u00e4\u00e4maja","og_url":"https:\/\/voima.fi\/hairikot\/etusivu\/","og_site_name":"H\u00e4irik\u00f6t-p\u00e4\u00e4maja","og_image":[{"width":1260,"height":382,"url":"https:\/\/voima.fi\/hairikot\/wp-content\/uploads\/sites\/9\/2016\/02\/Carousel-Banner_1.jpg","type":"image\/jpeg"}],"twitter_card":"summary_large_image","schema":{"@context":"https:\/\/schema.org","@graph":[{"@type":"WebPage","@id":"https:\/\/voima.fi\/hairikot\/etusivu\/","url":"https:\/\/voima.fi\/hairikot\/etusivu\/","name":"Etusivu - H\u00e4irik\u00f6t-p\u00e4\u00e4maja","isPartOf":{"@id":"https:\/\/voima.fi\/hairikot\/#website"},"primaryImageOfPage":{"@id":"https:\/\/voima.fi\/hairikot\/etusivu\/#primaryimage"},"image":{"@id":"https:\/\/voima.fi\/hairikot\/etusivu\/#primaryimage"},"thumbnailUrl":"https:\/\/voima.fi\/hairikot\/wp-content\/uploads\/sites\/9\/2016\/02\/Carousel-Banner_1.jpg","datePublished":"2016-02-22T22:00:00+00:00","dateModified":"2016-02-22T22:00:00+00:00","breadcrumb":{"@id":"https:\/\/voima.fi\/hairikot\/etusivu\/#breadcrumb"},"inLanguage":"fi","potentialAction":[{"@type":"ReadAction","target":["https:\/\/voima.fi\/hairikot\/etusivu\/"]}]},{"@type":"ImageObject","inLanguage":"fi","@id":"https:\/\/voima.fi\/hairikot\/etusivu\/#primaryimage","url":"https:\/\/voima.fi\/hairikot\/wp-content\/uploads\/sites\/9\/2016\/02\/Carousel-Banner_1.jpg","contentUrl":"https:\/\/voima.fi\/hairikot\/wp-content\/uploads\/sites\/9\/2016\/02\/Carousel-Banner_1.jpg","width":1260,"height":382},{"@type":"BreadcrumbList","@id":"https:\/\/voima.fi\/hairikot\/etusivu\/#breadcrumb","itemListElement":[{"@type":"ListItem","position":1,"name":"Home","item":"https:\/\/voima.fi\/hairikot\/"},{"@type":"ListItem","position":2,"name":"Etusivu"}]},{"@type":"WebSite","@id":"https:\/\/voima.fi\/hairikot\/#website","url":"https:\/\/voima.fi\/hairikot\/","name":"H\u00e4irik\u00f6t-p\u00e4\u00e4maja","description":"","potentialAction":[{"@type":"SearchAction","target":{"@type":"EntryPoint","urlTemplate":"https:\/\/voima.fi\/hairikot\/?s={search_term_string}"},"query-input":"required name=search_term_string"}],"inLanguage":"fi"}]}},"enclosure":{"image":"https:\/\/voima.fi\/hairikot\/wp-content\/uploads\/sites\/9\/2016\/02\/Carousel-Banner_1.jpg"},"meta:avatar":"","geolocation":[],"meta:youtube":null,"meta:vimeo":null,"meta:duration":null,"_links":{"self":[{"href":"https:\/\/voima.fi\/hairikot\/wp-json\/wp\/v2\/pages\/17698"}],"collection":[{"href":"https:\/\/voima.fi\/hairikot\/wp-json\/wp\/v2\/pages"}],"about":[{"href":"https:\/\/voima.fi\/hairikot\/wp-json\/wp\/v2\/types\/page"}],"author":[{"embeddable":true,"href":"https:\/\/voima.fi\/hairikot\/wp-json\/wp\/v2\/users\/1"}],"replies":[{"embeddable":true,"href":"https:\/\/voima.fi\/hairikot\/wp-json\/wp\/v2\/comments?post=17698"}],"version-history":[{"count":0,"href":"https:\/\/voima.fi\/hairikot\/wp-json\/wp\/v2\/pages\/17698\/revisions"}],"wp:featuredmedia":[{"embeddable":true,"href":"https:\/\/voima.fi\/hairikot\/wp-json\/wp\/v2\/media\/19"}],"wp:attachment":[{"href":"https:\/\/voima.fi\/hairikot\/wp-json\/wp\/v2\/media?parent=17698"}],"wp:term":[{"taxonomy":"category","embeddable":true,"href":"https:\/\/voima.fi\/hairikot\/wp-json\/wp\/v2\/categories?post=17698"},{"taxonomy":"post_tag","embeddable":true,"href":"https:\/\/voima.fi\/hairikot\/wp-json\/wp\/v2\/tags?post=17698"}],"curies":[{"name":"wp","href":"https:\/\/api.w.org\/{rel}","templated":true}]}}