{"version":"1.0","provider_name":"H\u00e4irik\u00f6t-p\u00e4\u00e4maja","provider_url":"https:\/\/voima.fi\/hairikot","title":"Kun koulu kannustaa mielenosoituksiin - H\u00e4irik\u00f6t-p\u00e4\u00e4maja","type":"rich","width":600,"height":338,"html":"<blockquote class=\"wp-embedded-content\" data-secret=\"xXMuFHclRt\"><a href=\"https:\/\/voima.fi\/hairikot\/artikkeli\/koulu-kannustaa-mielenosoituksiin\/\">Kun koulu kannustaa mielenosoituksiin<\/a><\/blockquote><iframe sandbox=\"allow-scripts\" security=\"restricted\" src=\"https:\/\/voima.fi\/hairikot\/artikkeli\/koulu-kannustaa-mielenosoituksiin\/embed\/#?secret=xXMuFHclRt\" width=\"600\" height=\"338\" title=\"&#8221;Kun koulu kannustaa mielenosoituksiin&#8221; &#8212; H\u00e4irik\u00f6t-p\u00e4\u00e4maja\" data-secret=\"xXMuFHclRt\" frameborder=\"0\" marginwidth=\"0\" marginheight=\"0\" scrolling=\"no\" class=\"wp-embedded-content\"><\/iframe><script type=\"text\/javascript\">\n\/* <![CDATA[ *\/\n\/*! This file is auto-generated *\/\n!function(d,l){\"use strict\";l.querySelector&&d.addEventListener&&\"undefined\"!=typeof URL&&(d.wp=d.wp||{},d.wp.receiveEmbedMessage||(d.wp.receiveEmbedMessage=function(e){var t=e.data;if((t||t.secret||t.message||t.value)&&!\/[^a-zA-Z0-9]\/.test(t.secret)){for(var s,r,n,a=l.querySelectorAll('iframe[data-secret=\"'+t.secret+'\"]'),o=l.querySelectorAll('blockquote[data-secret=\"'+t.secret+'\"]'),c=new RegExp(\"^https?:$\",\"i\"),i=0;i<o.length;i++)o[i].style.display=\"none\";for(i=0;i<a.length;i++)s=a[i],e.source===s.contentWindow&&(s.removeAttribute(\"style\"),\"height\"===t.message?(1e3<(r=parseInt(t.value,10))?r=1e3:~~r<200&&(r=200),s.height=r):\"link\"===t.message&&(r=new URL(s.getAttribute(\"src\")),n=new URL(t.value),c.test(n.protocol))&&n.host===r.host&&l.activeElement===s&&(d.top.location.href=t.value))}},d.addEventListener(\"message\",d.wp.receiveEmbedMessage,!1),l.addEventListener(\"DOMContentLoaded\",function(){for(var e,t,s=l.querySelectorAll(\"iframe.wp-embedded-content\"),r=0;r<s.length;r++)(t=(e=s[r]).getAttribute(\"data-secret\"))||(t=Math.random().toString(36).substring(2,12),e.src+=\"#?secret=\"+t,e.setAttribute(\"data-secret\",t)),e.contentWindow.postMessage({message:\"ready\",secret:t},\"*\")},!1)))}(window,document);\n\/* ]]> *\/\n<\/script>\n","thumbnail_url":"https:\/\/voima.fi\/hairikot\/wp-content\/uploads\/sites\/9\/2020\/04\/Iso-Roba_-Paula-Kallio_WWF-scaled.jpg","thumbnail_width":2560,"thumbnail_height":1707,"description":"Selvitimme, mitk\u00e4 ovat pelis\u00e4\u00e4nn\u00f6t silloin, kun koulu tarjoaa oppilaille mahdollisuuden osallistua mielenilmaukseen. Asiantuntijoiden viesti on selv\u00e4: kannustusta tarvitaan. Ruotsalainen Greta Thunberg, 15, on noussut kuluneen syksyn aikana maailman maineeseen nuorena ilmastosankarina. H\u00e4n j\u00e4i koululakkoon ennen Ruotsin syksyn 2018 eduskuntavaaleja, koska aikuiset eiv\u00e4t h\u00e4nen mielest\u00e4\u00e4n ole tarpeeksi huolissaan ilmastonmuutoksesta. Vaalien j\u00e4lkeen Greta jatkaa lakkoilua perjantaisin. Gretaa [&hellip;]"}

Häiriköt-päämaja

Kun koulu kannustaa mielenosoituksiin - Häiriköt-päämaja

<blockquote class="wp-embedded-content" data-secret="xXMuFHclRt"><a href="https://voima.fi/hairikot/artikkeli/koulu-kannustaa-mielenosoituksiin/">Kun koulu kannustaa mielenosoituksiin</a></blockquote><iframe sandbox="allow-scripts" security="restricted" src="https://voima.fi/hairikot/artikkeli/koulu-kannustaa-mielenosoituksiin/embed/#?secret=xXMuFHclRt" width="600" height="338" title="&#8221;Kun koulu kannustaa mielenosoituksiin&#8221; &#8212; Häiriköt-päämaja" data-secret="xXMuFHclRt" frameborder="0" marginwidth="0" marginheight="0" scrolling="no" class="wp-embedded-content"></iframe><script type="text/javascript">
/* <![CDATA[ */
/*! This file is auto-generated */
!function(d,l){"use strict";l.querySelector&&d.addEventListener&&"undefined"!=typeof URL&&(d.wp=d.wp||{},d.wp.receiveEmbedMessage||(d.wp.receiveEmbedMessage=function(e){var t=e.data;if((t||t.secret||t.message||t.value)&&!/[^a-zA-Z0-9]/.test(t.secret)){for(var s,r,n,a=l.querySelectorAll('iframe[data-secret="'+t.secret+'"]'),o=l.querySelectorAll('blockquote[data-secret="'+t.secret+'"]'),c=new RegExp("^https?:$","i"),i=0;i<o.length;i++)o[i].style.display="none";for(i=0;i<a.length;i++)s=a[i],e.source===s.contentWindow&&(s.removeAttribute("style"),"height"===t.message?(1e3<(r=parseInt(t.value,10))?r=1e3:~~r<200&&(r=200),s.height=r):"link"===t.message&&(r=new URL(s.getAttribute("src")),n=new URL(t.value),c.test(n.protocol))&&n.host===r.host&&l.activeElement===s&&(d.top.location.href=t.value))}},d.addEventListener("message",d.wp.receiveEmbedMessage,!1),l.addEventListener("DOMContentLoaded",function(){for(var e,t,s=l.querySelectorAll("iframe.wp-embedded-content"),r=0;r<s.length;r++)(t=(e=s[r]).getAttribute("data-secret"))||(t=Math.random().toString(36).substring(2,12),e.src+="#?secret="+t,e.setAttribute("data-secret",t)),e.contentWindow.postMessage({message:"ready",secret:t},"*")},!1)))}(window,document);
/* ]]> */
</script>

Selvitimme, mitkä ovat pelisäännöt silloin, kun koulu tarjoaa oppilaille mahdollisuuden osallistua mielenilmaukseen. Asiantuntijoiden viesti on selvä: kannustusta tarvitaan. Ruotsalainen Greta Thunberg, 15, on noussut kuluneen syksyn aikana maailman maineeseen nuorena ilmastosankarina. Hän jäi koululakkoon ennen Ruotsin syksyn 2018 eduskuntavaaleja, koska aikuiset eivät hänen mielestään ole tarpeeksi huolissaan ilmastonmuutoksesta. Vaalien jälkeen Greta jatkaa lakkoilua perjantaisin. Gretaa [&hellip;]
